{"id":4659,"date":"2023-12-25T15:25:50","date_gmt":"2023-12-25T15:25:50","guid":{"rendered":"http:\/\/sanatankultura.com\/?page_id=4659"},"modified":"2024-08-19T09:48:51","modified_gmt":"2024-08-19T09:48:51","slug":"sanatan-kultura-2","status":"publish","type":"page","link":"https:\/\/sanatankultura.com\/?page_id=4659","title":{"rendered":"Sanatan kultura"},"content":{"rendered":"\n<div class=\"wp-block-group is-layout-flow wp-block-group-is-layout-flow\" style=\"margin-top:7vh;margin-bottom:7vh\" data-block-type=\"core\">\n<p data-block-type=\"core\">Vedska kultura je poznata kao Sanatan ili vje\u010dna kultura. Sat Sanatan Dharma nije religija u smislu jedne religijske doktrine kao ve\u0107ina danas postoje\u0107ih religija. One imaju jednu osobu \u2013 utemeljitelja \u010dija duhovna iskustva formiraju bazu te vjere. Sat Sanatan Dharma se bazira na duhovnim iskustvima desetine tisu\u0107a duhovno prosvijetljenih pojedinaca, mu\u0161karaca i \u017eena, ri\u0161ija (od rije\u010di dri\u0161 \u2013 vidjeti), koji su prenosili poruku duhovnosti. Pri tom su bitni kal \u2013 vrijeme i de\u0161 \u2013 mjesto, tako da se ta kultura prilago\u0111avala mjestu i vremenu. Ri\u0161iji, njeni prenositelji i utemeljitelji su odabrali biti neimenovani nazivaju\u0107i se prema svojoj ulozi, kao npr. Vyasa \u2013 kompilator, prevoditelj, onaj koji je sakupio znanje.<\/p>\n\n\n\n<p data-block-type=\"core\">Na taj su na\u010din omogu\u0107ili da se njihove spoznaje jednostavno, nepristrano i bez predrasuda pove\u017eu sa ranijim u\u010denjem, prilagode mjestu i vremenu te prenose u neprekinutom lancu sa U\u010ditelja na u\u010denika \u2013 Guru parampara.<\/p>\n\n\n\n<p data-block-type=\"core\">Sanatan ima daleko previ\u0161e osniva\u010da da bi ih se pobrojalo. U\u010denja Sanatan Dharme su znana kao apauru\u0161eja, \u0161to zna\u010di da nisu temeljena na li\u010dnosti, nego na principima. Ovo je vrlo bitno naglasiti budu\u0107i da Sat Sanatan Dharma nije otkri\u0107e, izum bilo kojeg pojedinca ili grupe pojedinaca ve\u0107 kao \u0161to znanstvenici ne pronalaze zakone prirode, nego ih otkrivaju, tako ovi osniva\u010di, ri\u0161iji nisu prona\u0161li duhovne zakone, ve\u0107 ih otkrili tj. primili u meditaciji.<\/p>\n\n\n\n<p data-block-type=\"core\">Sat Sanatan Dharma je odnos izme\u0111u individue i univerzuma te dharma ujedno podrazumijeva i vje\u010dnu, kozmi\u010dku mudrost, zakon i akciju. Sat \u2013 istinska, Sanatan \u2013 vje\u010dno i univerzalno, Dharma \u2013 ono \u0161to sadr\u017eava i odr\u017eava univerzum. Tako je Sat Sanathan Dharma ono \u0161to dr\u017ei dru\u0161tvo i civilizaciju u zajedni\u0161tvu putem ispravnog \u017eivljenja. U \u0161irem smislu ozna\u010dava upoznavanje sa vje\u010dnim zakonima univerzuma koji upravljaju svime. Potraga za njima te primjena ovih zakona za dobrobit sviju je na\u010din prakticiranja Sat Sanatan Dharme.<\/p>\n<\/div>\n\n\n\n<figure class=\"wp-block-pullquote is-style-default\" style=\"border-radius:25px\" data-block-type=\"core\"><blockquote><p>U Sanatan ili vje\u010dnoj kulturi \u017eivot je podijeljen u \u010detiri stupnja. To nije slu\u010dajno jer je glavni princip da je na\u0161 fenomen odraz univerzuma. U kozmi\u010dkim razmjerima vrijeme je podijeljeno na \u010detiri juge, \u010detiri godi\u0161nja doba, pa je tako i ljudski \u017eivot podijeljen na \u010detiri perioda \u2013 a\u0161rama. Brama\u010darja a\u0161ram je do 25 godina \u017eivota i on je posve\u0107en studiranju, u\u010denju. Grihastha a\u0161ram, od 25. do 50. godine \u017eivota, posve\u0107en je osnivanju porodice i poslu. Vanapra\u0161ta a\u0161ram, od 50. do 75. godine je vrijeme kada se polako povla\u010dimo iz aktivnog \u017eivota i prepu\u0161tamo posao svojoj djeci. Podu\u010davamo unuke i mo\u017eemo re\u0107i da imamo savjetodavnu funkciju. Sanjas a\u0161ram, od 75 godina pa do kraja \u017eivota je period kada se povla\u010dimo i potpuno posve\u0107ujemo na\u0161em cilju, atam gjani.<\/p><cite><strong>Mahamandaleshwar Paramhans Swami Maheshwarananda&nbsp;\u2013 dio predavanja o&nbsp;Sanatan Dharmi, Strilky A\u0161ram, \u010ce\u0161ka, 2007<\/strong><\/cite><\/blockquote><\/figure>\n\n\n\n<div class=\"wp-block-columns is-layout-flex wp-container-core-columns-is-layout-1 wp-block-columns-is-layout-flex\" style=\"margin-top:7vh;margin-bottom:7vh\" data-block-type=\"core\">\n<div class=\"wp-block-column is-layout-flow wp-block-column-is-layout-flow\" data-block-type=\"core\">\n<p data-block-type=\"core\">Sve religije koje do danas poznajemo, nastaju, traju i nakon nekog vremena se gase da bi prepustile mjesto nekoj drugoj koja je trenutno uskla\u0111ena sa mentalitetom, kulturom i dru\u0161tvenim ure\u0111enjem tog vremena.&nbsp;<em>Sanatan<\/em>&nbsp;je vje\u010dna jer sadr\u017ei vje\u010dne vrijednosti na kojima se temelji ljudska evolucija. Ona je podijeljena u 2 ogranka:<\/p>\n<\/div>\n\n\n\n<div class=\"wp-block-column is-layout-flow wp-block-column-is-layout-flow\" data-block-type=\"core\">\n<ul class=\"wp-block-list\" data-block-type=\"core\">\n<li data-block-type=\"core\"><strong>Gjana <\/strong>kanda \u2013 Obuhva\u0107a gjanu \u2013 znanje i vigjanu \u2013 znanost \u0161to se bazira na iskustvenom znanju koje je osoba stekla tijekom \u017eivota. Vigjana obuhva\u0107a teorijske i filozofske zapise i koje prenose univerzalno duhovno znanje ne ograni\u010davaju\u0107i se na neki odre\u0111eni bo\u017eanski pojam ili lik. To je znanje o duhovnim na\u010delima i kozmi\u010dkim zakonima kao i o tattvama \u2013 elementima. U Gjan Kandu pripadaju jogiji i Sanjasiji, Svamiji.<\/li>\n\n\n\n<li data-block-type=\"core\"><strong>Karma <\/strong>kanda \u2013 grana akcije ili rituala. Obuhva\u0107a teme o karmama \u2013 djelima i upasanama \u2013 \u017ertvama. Karma kanda se bavi praksom te obuhva\u0107a himne, molitve i mantre, tj Samhite i Brahmane, obi\u010daje i ceremonije. Tu pripadaju&nbsp;<em>Panditi<\/em>&nbsp;\u2013 sve\u0107enici.<\/li>\n<\/ul>\n<\/div>\n<\/div>\n\n\n\n<div class=\"wp-block-columns is-layout-flex wp-container-core-columns-is-layout-2 wp-block-columns-is-layout-flex\" style=\"margin-top:5vh;margin-bottom:5vh\" data-block-type=\"core\">\n<div class=\"wp-block-column is-layout-flow wp-block-column-is-layout-flow\" data-block-type=\"core\">\n<p data-block-type=\"core\">Sat Sanatan Dharma govori kako \u010dovjek ne smije negirati rad, potrebe tijela i obitelj pa tako postoji puru\u0161arth \u2013 \u010dovje\u010dja svrha, \u010detiri principa koja svako ljudsko bi\u0107e treba posti\u0107i u svom \u017eivotu da bi bio \u010covjek, a to su:<\/p>\n<\/div>\n\n\n\n<div class=\"wp-block-column is-layout-flow wp-block-column-is-layout-flow\" data-block-type=\"core\">\n<ul class=\"wp-block-list\" data-block-type=\"core\">\n<li data-block-type=\"core\"><strong>Artha <\/strong>\u2013 materijalno blagostanje, \u0161to zna\u010di da \u010dovjek treba imati dovoljno za sebe i svoju porodicu. Ako imate krov nad glavom, hranu i odje\u0107u ne\u0107ete biti u stalnoj panici \u0161to donosi sutra, a stabilno i bogato dru\u0161tvo je mogu\u0107e jedino kroz bogatstvo svakog pojedinca. Nije grijeh imati i biti bogat, u jednom bha\u0111anu se pjeva: \u201eEvo ti moja mala Gospode, ja gladan ne mogu meditirati.\u201c<\/li>\n\n\n\n<li data-block-type=\"core\"><strong>Kama <\/strong>\u2013 u\u017eivanje u sre\u0107i, sigurnosti, kreativnosti, korisnosti i inspiraciji. Sat Sanatan Dharma ne govori da su emocionalne potrebe za sre\u0107om i zadovoljstvom lo\u0161e ve\u0107 da trebamo biti zadovoljni jer kada po\u010dne na\u0161e duhovno putovanje \u201eplakanje nas jedino mo\u017ee povu\u0107i unazad\u201c.<\/li>\n\n\n\n<li data-block-type=\"core\"><strong>Dharma <\/strong>\u2013 ispravan \u017eivot. Ispunjavanje vrlina, du\u017enosti i odgovornosti, po\u0161ten posao, odgovornost prema obitelji, dru\u0161tvu \u2013 to je moralna dharma. \u010covjek ne smije negirati du\u017enosti i obe\u0107anja. Duhovna dharma je posti\u0107i atam gjanu, samorealizaciju u ovom \u017eivotu.<\/li>\n\n\n\n<li data-block-type=\"core\"><strong>Mok\u0161a <\/strong>\u2013 oslobo\u0111enje. Sloboda od ponovnog ra\u0111anja i umiranja, samorealizacija. Mok\u0161a dolazi kroz po\u0161tivanje dharme, kame i arthe, a cilj svakog \u010dovjeka je spoznati svoje vlastito jastvo i postati napokon slobodan od vezanosti prema svjetovnim u\u017eicima i slobodan od patnje. To je vrhovni cilj \u017eivota, ponovno se sjediniti sa na\u0161im izvorom \u2013 Paramatmom \u2013 apsolutom, Bogom.<\/li>\n<\/ul>\n<\/div>\n<\/div>\n\n\n\n<p data-block-type=\"core\">\u201eU svetim spisima koje su nam donijeli ri\u0161iji, u Upani\u0161adama i Vedama pa \u010dak ni u Mahabharathi, Bhagavat Giti i Srimad Bhagavatam se ne spominje neko posebno ime neke religije jer je tada postojala samo jedna religija, Sanatan Dharma. Sanatan Dharma zna\u010di univerzalni princip koji se slijedi od samog stvaranja Univerzuma. Hinduizam vjeruje samo u jednog Boga, i taj Bog nema imena, on je I\u0161vara, univerzalni princip, kozmi\u010dki zakon, a kozmi\u010dki zakon je Sanathan Dharma. Oni koji to razumiju, po\u0161tuju i prihva\u0107aju, oni se zovu sljedbenici Dharme. Ako ste Dharam Karan to zna\u010di da prihva\u0107ate, slijedite Dharmu. Vede i Upani\u0161ade su u\u010denje samo o jednoj stvari \u2013 o Univerzalnom i samo jednom Bogu. S druge strane, u Hinduizmu postoje milioni Bogova i vjerovanje u njih. I jedno i drugo je to\u010dno. Ako se pitate kako je to mogu\u0107e, Holiguru\u0111i \u0107e vam jednostavno odgovoriti: \u201eJedno u svemu i sve u jednome\u201c. Svi oblici teku\u0107ine na zemlji potje\u0107u iz jednog korijena, iz vode. Vi vidite forme i oblike, ali u su\u0161tini to je jedno, ista kvaliteta. Tako je samo jedna kvaliteta, Bog, I\u0161vara i razni oblici koji proizlaze iz njega. Brahma Satja \u0110agat Mithja \u2013 Krajnja istina je Brahman, a \u0110agat Mitja, sav ovaj promjenjivi svijet je nestvaran. Sanatan Dharma zna\u010di za nas Dharmu koja nam je namjenjena u ovom \u017eivotu. Sanatan vrijednosti su ljubav, sre\u0107a, zadovoljstvo, sklad, mir \u2013 to su univerzalni principi i nitko nema \u201eCopyright\u201c na njih. To je jednako podareno svim bi\u0107ima kako biljkama, \u017eivotinjama tako i ljudima\u201c.<\/p>\n\n\n\n<div style=\"height:100px\" aria-hidden=\"true\" class=\"wp-block-spacer\" data-block-type=\"core\"><\/div>\n","protected":false},"excerpt":{"rendered":"<p>Vedska kultura je poznata kao Sanatan ili vje\u010dna kultura. Sat Sanatan Dharma nije religija u smislu jedne religijske doktrine kao ve\u0107ina danas postoje\u0107ih religija. One imaju jednu osobu \u2013 utemeljitelja \u010dija duhovna iskustva formiraju bazu te vjere. Sat Sanatan Dharma se bazira na duhovnim iskustvima desetine tisu\u0107a duhovno prosvijetljenih pojedinaca, mu\u0161karaca i \u017eena, ri\u0161ija (od [&hellip;]<\/p>\n","protected":false},"author":1,"featured_media":2414,"parent":0,"menu_order":0,"comment_status":"closed","ping_status":"closed","template":"","meta":{"footnotes":""},"class_list":["post-4659","page","type-page","status-publish","has-post-thumbnail","hentry"],"blocksy_meta":{"styles_descriptor":{"styles":{"desktop":"","tablet":"","mobile":""},"google_fonts":[],"version":6}},"featured_image_urls":{"full":["https:\/\/sanatankultura.com\/wp-content\/uploads\/2020\/12\/0002328886_10-e1611690368653.jpg",1087,597,false],"thumbnail":["https:\/\/sanatankultura.com\/wp-content\/uploads\/2020\/12\/0002328886_10-e1611690368653-150x150.jpg",150,150,true],"medium":["https:\/\/sanatankultura.com\/wp-content\/uploads\/2020\/12\/0002328886_10-e1611690368653-300x165.jpg",300,165,true],"medium_large":["https:\/\/sanatankultura.com\/wp-content\/uploads\/2020\/12\/0002328886_10-e1611690368653-768x422.jpg",768,422,true],"large":["https:\/\/sanatankultura.com\/wp-content\/uploads\/2020\/12\/0002328886_10-e1611690368653-1024x562.jpg",1024,562,true],"thumblist":["https:\/\/sanatankultura.com\/wp-content\/uploads\/2020\/12\/0002328886_10-e1611690368653-300x300.jpg",300,300,true],"meccarouselthumb":["https:\/\/sanatankultura.com\/wp-content\/uploads\/2020\/12\/0002328886_10-e1611690368653-474x324.jpg",474,324,true],"gridsquare":["https:\/\/sanatankultura.com\/wp-content\/uploads\/2020\/12\/0002328886_10-e1611690368653-391x260.jpg",391,260,true],"tileview":["https:\/\/sanatankultura.com\/wp-content\/uploads\/2020\/12\/0002328886_10-e1611690368653-300x400.jpg",300,400,true],"1536x1536":["https:\/\/sanatankultura.com\/wp-content\/uploads\/2020\/12\/0002328886_10-e1611690368653.jpg",1087,597,false],"2048x2048":["https:\/\/sanatankultura.com\/wp-content\/uploads\/2020\/12\/0002328886_10-e1611690368653.jpg",1087,597,false]},"post_excerpt_stackable":"<p>Vedska kultura je poznata kao Sanatan ili vje\u010dna kultura. Sat Sanatan Dharma nije religija u smislu jedne religijske doktrine kao ve\u0107ina danas postoje\u0107ih religija. One imaju jednu osobu \u2013 utemeljitelja \u010dija duhovna iskustva formiraju bazu te vjere. Sat Sanatan Dharma se bazira na duhovnim iskustvima desetine tisu\u0107a duhovno prosvijetljenih pojedinaca, mu\u0161karaca i \u017eena, ri\u0161ija (od rije\u010di dri\u0161 \u2013 vidjeti), koji su prenosili poruku duhovnosti. Pri tom su bitni kal \u2013 vrijeme i de\u0161 \u2013 mjesto, tako da se ta kultura prilago\u0111avala mjestu i vremenu. Ri\u0161iji, njeni prenositelji i utemeljitelji su odabrali biti neimenovani nazivaju\u0107i se prema svojoj ulozi, kao npr.&hellip;<\/p>\n","category_list":"","author_info":{"name":"Swami Vivek Puri","url":"https:\/\/sanatankultura.com\/?author=1"},"comments_num":"0 comments","featured_image_urls_v2":{"full":["https:\/\/sanatankultura.com\/wp-content\/uploads\/2020\/12\/0002328886_10-e1611690368653.jpg",1087,597,false],"thumbnail":["https:\/\/sanatankultura.com\/wp-content\/uploads\/2020\/12\/0002328886_10-e1611690368653-150x150.jpg",150,150,true],"medium":["https:\/\/sanatankultura.com\/wp-content\/uploads\/2020\/12\/0002328886_10-e1611690368653-300x165.jpg",300,165,true],"medium_large":["https:\/\/sanatankultura.com\/wp-content\/uploads\/2020\/12\/0002328886_10-e1611690368653-768x422.jpg",768,422,true],"large":["https:\/\/sanatankultura.com\/wp-content\/uploads\/2020\/12\/0002328886_10-e1611690368653-1024x562.jpg",1024,562,true],"thumblist":["https:\/\/sanatankultura.com\/wp-content\/uploads\/2020\/12\/0002328886_10-e1611690368653-300x300.jpg",300,300,true],"meccarouselthumb":["https:\/\/sanatankultura.com\/wp-content\/uploads\/2020\/12\/0002328886_10-e1611690368653-474x324.jpg",474,324,true],"gridsquare":["https:\/\/sanatankultura.com\/wp-content\/uploads\/2020\/12\/0002328886_10-e1611690368653-391x260.jpg",391,260,true],"tileview":["https:\/\/sanatankultura.com\/wp-content\/uploads\/2020\/12\/0002328886_10-e1611690368653-300x400.jpg",300,400,true],"1536x1536":["https:\/\/sanatankultura.com\/wp-content\/uploads\/2020\/12\/0002328886_10-e1611690368653.jpg",1087,597,false],"2048x2048":["https:\/\/sanatankultura.com\/wp-content\/uploads\/2020\/12\/0002328886_10-e1611690368653.jpg",1087,597,false]},"post_excerpt_stackable_v2":"<p>Vedska kultura je poznata kao Sanatan ili vje\u010dna kultura. Sat Sanatan Dharma nije religija u smislu jedne religijske doktrine kao ve\u0107ina danas postoje\u0107ih religija. One imaju jednu osobu \u2013 utemeljitelja \u010dija duhovna iskustva formiraju bazu te vjere. Sat Sanatan Dharma se bazira na duhovnim iskustvima desetine tisu\u0107a duhovno prosvijetljenih pojedinaca, mu\u0161karaca i \u017eena, ri\u0161ija (od rije\u010di dri\u0161 \u2013 vidjeti), koji su prenosili poruku duhovnosti. Pri tom su bitni kal \u2013 vrijeme i de\u0161 \u2013 mjesto, tako da se ta kultura prilago\u0111avala mjestu i vremenu. Ri\u0161iji, njeni prenositelji i utemeljitelji su odabrali biti neimenovani nazivaju\u0107i se prema svojoj ulozi, kao npr.&hellip;<\/p>\n","category_list_v2":"","author_info_v2":{"name":"Swami Vivek Puri","url":"https:\/\/sanatankultura.com\/?author=1"},"comments_num_v2":"0 comments","_links":{"self":[{"href":"https:\/\/sanatankultura.com\/index.php?rest_route=\/wp\/v2\/pages\/4659"}],"collection":[{"href":"https:\/\/sanatankultura.com\/index.php?rest_route=\/wp\/v2\/pages"}],"about":[{"href":"https:\/\/sanatankultura.com\/index.php?rest_route=\/wp\/v2\/types\/page"}],"author":[{"embeddable":true,"href":"https:\/\/sanatankultura.com\/index.php?rest_route=\/wp\/v2\/users\/1"}],"replies":[{"embeddable":true,"href":"https:\/\/sanatankultura.com\/index.php?rest_route=%2Fwp%2Fv2%2Fcomments&post=4659"}],"version-history":[{"count":10,"href":"https:\/\/sanatankultura.com\/index.php?rest_route=\/wp\/v2\/pages\/4659\/revisions"}],"predecessor-version":[{"id":4761,"href":"https:\/\/sanatankultura.com\/index.php?rest_route=\/wp\/v2\/pages\/4659\/revisions\/4761"}],"wp:featuredmedia":[{"embeddable":true,"href":"https:\/\/sanatankultura.com\/index.php?rest_route=\/wp\/v2\/media\/2414"}],"wp:attachment":[{"href":"https:\/\/sanatankultura.com\/index.php?rest_route=%2Fwp%2Fv2%2Fmedia&parent=4659"}],"curies":[{"name":"wp","href":"https:\/\/api.w.org\/{rel}","templated":true}]}}