{"id":4672,"date":"2023-12-25T15:46:58","date_gmt":"2023-12-25T15:46:58","guid":{"rendered":"http:\/\/sanatankultura.com\/?page_id=4672"},"modified":"2026-01-05T11:41:38","modified_gmt":"2026-01-05T11:41:38","slug":"festivali","status":"publish","type":"page","link":"https:\/\/sanatankultura.com\/?page_id=4672","title":{"rendered":"Festivali"},"content":{"rendered":"\n<div style=\"height:50px\" aria-hidden=\"true\" class=\"wp-block-spacer\" data-block-type=\"core\"><\/div>\n\n\n\n<h2 class=\"wp-block-heading\" style=\"margin-bottom:50px;font-size:clamp(1.743rem, 1.743rem + ((1vw - 0.2rem) * 1.571), 3rem);\" data-block-type=\"core\">Popis festivala za 2026 god.<\/h2>\n\n\n\n<style>\n      @import url(\"https:\/\/fonts.googleapis.com\/css2?family=Bitter:wght@400;700&family=Open+Sans:wght@400;700&display=swap\");\n      table {\n        \tborder-collapse: collapse;\n          font-family: \"Open Sans\", sans-serif;\n        }\n        table td {\n        \tpadding: 0.5em;\n        }\n        table thead th {\n        \tbackground-color: #F28705;\n        \tcolor: #ffffff;\n        \tfont-weight: bold;\n        \tfont-size: 16px;\n        \tborder: 1px solid #dddfe1;\n          padding: 0.5em;\ntext-align: center;\n        }\n        table tbody td {\n        \tcolor: #636363;\n        \tborder: 1px solid #dddfe1;\n        }\n        table tbody tr {\n        \tbackground-color: #f9fafb;\n        }\n        table tbody tr:nth-child(odd) {\n        \tbackground-color: #ffffff;\n        }\n        table tbody td:nth-child(even) {\n        \ttext-align: center;\n        }\n    <\/style>\n<table>\n      <thead>\n        <tr>\n          <th>FESTIVAL \/ OPIS<\/th>\n          <th>DATUM<\/th>\n        <\/tr>\n      <\/thead>\n      <tbody>\n        <tr>\n          <td><strong>Makar Sankranti<\/strong><br \/><em>Sunce se po\u010dinje kretati prema sjeveru<\/em><\/td>\n          <td>14.1.<\/td>\n        <\/tr>\n        <tr>\n          <td><strong>Vasant Pan\u010dami<\/strong><br \/><em>Ro\u0111endan Bo\u017eice Sarasvati (mudrost)<\/em><\/td>\n          <td>23.1.<\/td>\n        <\/tr>\n        <tr>\n          <td><strong>Maha \u0160ivaratri<\/strong><br \/><em>No\u0107 \u0161tovanja i meditacije posve\u0107ena Gospodu \u0160ivi<\/em><\/td>\n          <td>15.2.<\/td>\n        <\/tr>\n        <tr>\n          <td><strong>Holi<\/strong><br \/><em>Praznik u \u010dast bhakte Prahlada (bhakti)<\/em><\/td>\n          <td>3.3.<\/td>\n        <\/tr>\n        <tr>\n          <td><strong>Proljetni Navaratri<\/strong><br \/><em>9 dana posta u \u010dast Svete Majke<\/em><\/td>\n          <td>19.3.-27.3.<\/td>\n        <\/tr>\n        <tr>\n          <td><strong>Rama Navami<\/strong><br \/><em>Ro\u0111endan Gospoda Rame<\/em><\/td>\n          <td>27.3.<\/td>\n        <\/tr>\n        <tr>\n          <td><strong>Hanuman \u0110ajanti<\/strong><br \/><em>Praznik u \u010dast \u0160ri Hanumana<\/em><\/td>\n          <td>1.4.<\/td>\n        <\/tr>\n        <tr>\n          <td><strong>Me\u0111unarodni dan joge<\/strong><br \/><em>Progla\u0161en od Un-a<\/em><\/td>\n          <td>21.6.<\/td>\n        <\/tr>\n        <tr>\n          <td><strong>Guru Purnima<\/strong><br \/><em>Praznik u \u010dast Gurua, Ro\u0111endan Mahari\u0161ija Ved-Vjase<\/em><\/td>\n          <td>29.7.<\/td>\n        <\/tr>\n          <td><strong>Rak\u0161a Bandhan<\/strong><br \/><em>Praznik bra\u0107e i sestara<\/em><\/td>\n          <td>27.8.<\/td>\n        <\/tr>\n        <tr>\n          <td><strong>\u0160ri Kri\u0161na \u0110ajanti (\u0110anma\u0161thami)<\/strong><br \/><em>Ro\u0111endan Gospoda Kri\u0161ne<\/em><\/td>\n          <td>4.9.<\/td>\n        <\/tr>\n        <tr>\n          <td><strong>Gane\u0161 \u010caturthi<\/strong><br \/><em>Praznik Gospoda Gane\u0161e<\/em><\/td>\n          <td>14.9.<\/td>\n        <\/tr>\n        <tr>\n          <td><strong>UN-ov dan mira<\/strong><br \/><em>Molitva kod JUS\u017d stabla mira<\/em><\/td>\n          <td>21.9.<\/td>\n        <\/tr>\n        <tr>\n          <td><strong>Pitr Purnima<\/strong><br \/><em>Dan sje\u0107anja na pretke<\/em><\/td>\n          <td>26.09.<\/td>\n        <\/tr>\n        <tr>\n          <td>\n            <strong>UN-ov dan nenesilja<\/strong><br \/><em>Ro\u0111endan Mahatme Gandhija, me\u0111unarodni dan nenasilja<\/em>\n          <\/td>\n          <td>2.10.<\/td>\n        <\/tr>\n        <tr>\n          <td><strong>Jesenski Navaratri<\/strong><br \/><em>9 dana posta u \u010dast Svete Majke<\/em><\/td>\n          <td>11.10.-20.10.<\/td>\n        <\/tr>\n        <tr>\n          <td>\n            <strong>Vi\u0111aja Da\u0161ami (Dasera)<\/strong><br \/><em\n              >Praznik u \u010dast Bo\u017eice Durge, dan pobjede dobra nad zlom, \u201cDan Prosvjetljenja\u201d<\/em\n            >\n          <\/td>\n          <td>20.10.<\/td>\n        <\/tr>\n        <tr>\n          <td>\n            <strong>Dipavali (Divali)<\/strong><br \/><em\n              >Praznik svjetla, ro\u0111endan Bhagavana \u0160ri Dipa Narajana Mahaprabhu\u0111ija<\/em\n            >\n          <\/td>\n          <td>8.11.<\/td>\n        <\/tr>\n        <tr>\n          <td>\n            <strong>Lak\u0161mi Pu\u0111a, Nova Godina<\/strong><br \/><em\n              >Praznik bo\u017eice Lak\u0161mi (blagostanje), indijska Nova Godina<\/em\n            >\n          <\/td>\n          <td>8.11.<\/td>\n        <\/tr>\n        <tr>\n          <td><strong>Me\u0111unarodni dan meditacije<\/strong><br \/><em>Progla\u0161en od Un-a<\/em><\/td>\n          <td>21.12.<\/td>\n        <\/tr>\n      <\/tbody>\n    <\/table>\n\n\n\n\n<div style=\"height:100px\" aria-hidden=\"true\" class=\"wp-block-spacer\" data-block-type=\"core\"><\/div>\n\n\n\n<hr class=\"wp-block-separator has-text-color has-palette-color-1-color has-alpha-channel-opacity has-palette-color-1-background-color has-background is-style-default\"\/ data-block-type=\"core\">\n\n\n\n<div class=\"wp-block-group alignwide is-layout-flow wp-block-group-is-layout-flow\" style=\"margin-top:7vh;margin-bottom:7vh\" data-block-type=\"core\">\n<div class=\"wp-block-columns alignfull is-layout-flex wp-container-core-columns-is-layout-1 wp-block-columns-is-layout-flex\" data-block-type=\"core\">\n<div class=\"wp-block-column is-layout-flow wp-block-column-is-layout-flow\" data-block-type=\"core\">\n<h2 class=\"wp-block-heading\" style=\"font-size:clamp(1.743rem, 1.743rem + ((1vw - 0.2rem) * 1.571), 3rem);\" data-block-type=\"core\">Vi\u0161e o festivalima \u2026<\/h2>\n\n\n\n<div data-id=\"fcbc47ae\" class=\"wp-block-blocksy-query\" style=\"margin-top:5vh;margin-bottom:5vh\"><style>[data-id='fcbc47ae'] {--grid-columns-gap:2rem;--grid-columns-width:3;}@media (max-width: 999.98px) {[data-id='fcbc47ae'] {--grid-columns-width:2;}}@media (max-width: 689.98px) {[data-id='fcbc47ae'] {--grid-columns-width:1;}}<\/style><\/div>\n<\/div>\n<\/div>\n<\/div>\n","protected":false},"excerpt":{"rendered":"<p>Popis festivala za 2026 god. FESTIVAL \/ OPIS DATUM Makar SankrantiSunce se po\u010dinje kretati prema sjeveru 14.1. Vasant Pan\u010damiRo\u0111endan Bo\u017eice Sarasvati (mudrost) 23.1. Maha \u0160ivaratriNo\u0107 \u0161tovanja i meditacije posve\u0107ena Gospodu \u0160ivi 15.2. HoliPraznik u \u010dast bhakte Prahlada (bhakti) 3.3. Proljetni Navaratri9 dana posta u \u010dast Svete Majke 19.3.-27.3. Rama NavamiRo\u0111endan Gospoda Rame 27.3. Hanuman \u0110ajantiPraznik [&hellip;]<\/p>\n","protected":false},"author":1,"featured_media":3327,"parent":0,"menu_order":0,"comment_status":"closed","ping_status":"closed","template":"","meta":{"footnotes":""},"class_list":["post-4672","page","type-page","status-publish","has-post-thumbnail","hentry"],"blocksy_meta":{"page_title_panel":"","has_hero_section":"default","d9ee7855bef5c9e852530489a21a50d6":"","hero_section":"type-1","hero_elements":[{"id":"custom_title","enabled":true,"heading_tag":"h1","title":"Home"},{"id":"custom_description","enabled":true,"description_visibility":{"desktop":true,"tablet":true,"mobile":false}},{"id":"custom_meta","enabled":false,"meta_elements":[{"id":"author","enabled":true,"label":"By","has_author_avatar":"yes","avatar_size":25},{"id":"post_date","enabled":true,"label":"On","date_format_source":"default","date_format":"M j, Y"},{"id":"comments","enabled":true}],"page_meta_elements":{"joined":true,"articles_count":true,"comments":true}},{"id":"breadcrumbs","enabled":false}],"41c29f1ee3d8effcbb01afcbb88e7920":"","hero_alignment1":"left","hero_alignment2":"center","hero_vertical_alignment":"center","76e93a8bb37608e889a07519b25be682":"","hero_structure":"narrow","0ee6a02e492510788e96b5356ae150aa":"","page_title_bg_type":"featured_image","custom_hero_background":{"attachment_id":null},"parallax":{"desktop":false,"tablet":false,"mobile":false},"40a16cf9d4621db9a7cd8fd64f1321de":"","hero_height":"250px","pageTitleFont":{"family":"Default","variation":"Default","size":{"desktop":"32px","tablet":"30px","mobile":"25px"},"line-height":"CT_CSS_SKIP_RULE","letter-spacing":"CT_CSS_SKIP_RULE","text-transform":"CT_CSS_SKIP_RULE","text-decoration":"CT_CSS_SKIP_RULE"},"pageTitleFontColor":{"default":{"color":"CT_CSS_SKIP_RULEDEFAULT"}},"pageMetaFont":{"family":"Default","variation":"n6","size":"12px","line-height":"1.3","letter-spacing":"CT_CSS_SKIP_RULE","text-transform":"uppercase","text-decoration":"CT_CSS_SKIP_RULE"},"pageMetaFontColor":{"default":{"color":"CT_CSS_SKIP_RULEDEFAULT"},"hover":{"color":"CT_CSS_SKIP_RULEDEFAULT"}},"pageExcerptFont":{"family":"Default","variation":"Default","size":"CT_CSS_SKIP_RULE","line-height":"CT_CSS_SKIP_RULE","letter-spacing":"CT_CSS_SKIP_RULE","text-transform":"CT_CSS_SKIP_RULE","text-decoration":"CT_CSS_SKIP_RULE"},"pageExcerptColor":{"default":{"color":"CT_CSS_SKIP_RULEDEFAULT"}},"breadcrumbsFont":{"family":"Default","variation":"n6","size":"12px","line-height":"CT_CSS_SKIP_RULE","letter-spacing":"CT_CSS_SKIP_RULE","text-transform":"uppercase","text-decoration":"CT_CSS_SKIP_RULE"},"breadcrumbsFontColor":{"default":{"color":"CT_CSS_SKIP_RULEDEFAULT"},"initial":{"color":"CT_CSS_SKIP_RULEDEFAULT"},"hover":{"color":"CT_CSS_SKIP_RULEDEFAULT"}},"pageTitleOverlay":{"default":{"color":"CT_CSS_SKIP_RULE"}},"pageTitleBackground":{"background_type":"color","background_pattern":"type-1","background_image":{"attachment_id":null,"x":0,"y":0},"gradient":"linear-gradient(135deg,rgba(6,147,227,1) 0%,rgb(155,81,224) 100%)","background_repeat":"no-repeat","background_size":"auto","background_attachment":"scroll","patternColor":{"default":{"color":"#e5e7ea"}},"backgroundColor":{"default":{"color":"#EDEFF2"}}},"90d0b3b7c1d748193518a888fef89798":"","page_structure_type":"default","content_style":"inherit","vertical_spacing_source":"inherit","content_area_spacing":"both","background":{"background_type":{"background_type":"pattern","background_pattern":"type-15","background_image":{"attachment_id":null,"x":0,"y":0},"background_repeat":"no-repeat","background_size":"auto","background_attachment":"scroll","patternColor":{"default":{"color":"rgba(35, 33, 38, 0.02)"}},"backgroundColor":{"default":{"color":"#ffffff"}}},"background_pattern":{"background_type":"pattern","background_pattern":"type-15","background_image":{"attachment_id":null,"x":0,"y":0},"background_repeat":"no-repeat","background_size":"auto","background_attachment":"scroll","patternColor":{"default":{"color":"rgba(35, 33, 38, 0.02)"}},"backgroundColor":{"default":{"color":"#ffffff"}}},"background_image":{"background_type":"pattern","background_pattern":"type-15","background_image":{"attachment_id":null,"x":0,"y":0},"background_repeat":"no-repeat","background_size":"auto","background_attachment":"scroll","patternColor":{"default":{"color":"rgba(35, 33, 38, 0.02)"}},"backgroundColor":{"default":{"color":"#ffffff"}}},"gradient":{"background_type":"pattern","background_pattern":"type-15","background_image":{"attachment_id":null,"x":0,"y":0},"background_repeat":"no-repeat","background_size":"auto","background_attachment":"scroll","patternColor":{"default":{"color":"rgba(35, 33, 38, 0.02)"}},"backgroundColor":{"default":{"color":"#ffffff"}}},"background_repeat":{"background_type":"pattern","background_pattern":"type-15","background_image":{"attachment_id":null,"x":0,"y":0},"background_repeat":"no-repeat","background_size":"auto","background_attachment":"scroll","patternColor":{"default":{"color":"rgba(35, 33, 38, 0.02)"}},"backgroundColor":{"default":{"color":"#ffffff"}}},"background_size":{"background_type":"pattern","background_pattern":"type-15","background_image":{"attachment_id":null,"x":0,"y":0},"background_repeat":"no-repeat","background_size":"auto","background_attachment":"scroll","patternColor":{"default":{"color":"rgba(35, 33, 38, 0.02)"}},"backgroundColor":{"default":{"color":"#ffffff"}}},"background_attachment":{"background_type":"pattern","background_pattern":"type-15","background_image":{"attachment_id":null,"x":0,"y":0},"background_repeat":"no-repeat","background_size":"auto","background_attachment":"scroll","patternColor":{"default":{"color":"rgba(35, 33, 38, 0.02)"}},"backgroundColor":{"default":{"color":"#ffffff"}}},"patternColor":{"background_type":"pattern","background_pattern":"type-15","background_image":{"attachment_id":null,"x":0,"y":0},"background_repeat":"no-repeat","background_size":"auto","background_attachment":"scroll","patternColor":{"default":{"color":"rgba(35, 33, 38, 0.02)"}},"backgroundColor":{"default":{"color":"#ffffff"}}},"backgroundColor":{"background_type":"pattern","background_pattern":"type-15","background_image":{"attachment_id":null,"x":0,"y":0},"background_repeat":"no-repeat","background_size":"auto","background_attachment":"scroll","patternColor":{"default":{"color":"rgba(35, 33, 38, 0.02)"}},"backgroundColor":{"default":{"color":"#ffffff"}}},"desktop":{"background_type":"pattern","background_pattern":"type-15","background_image":{"attachment_id":null,"x":0,"y":0},"background_repeat":"no-repeat","background_size":"auto","background_attachment":"scroll","patternColor":{"default":{"color":"rgba(35, 33, 38, 0.02)"}},"backgroundColor":{"default":{"color":"#ffffff"}}},"tablet":{"background_type":"pattern","background_pattern":"type-15","background_image":{"attachment_id":null,"x":0,"y":0},"background_repeat":"no-repeat","background_size":"auto","background_attachment":"scroll","patternColor":{"default":{"color":"rgba(35, 33, 38, 0.02)"}},"backgroundColor":{"default":{"color":"#ffffff"}}},"mobile":{"background_type":"pattern","background_pattern":"type-15","background_image":{"attachment_id":null,"x":0,"y":0},"background_repeat":"no-repeat","background_size":"auto","background_attachment":"scroll","patternColor":{"default":{"color":"rgba(35, 33, 38, 0.02)"}},"backgroundColor":{"default":{"color":"#ffffff"}}},"__changed":[]},"content_background":{"background_type":"color","background_pattern":"type-1","background_image":{"attachment_id":null,"x":0,"y":0},"gradient":"linear-gradient(135deg,rgba(6,147,227,1) 0%,rgb(155,81,224) 100%)","background_repeat":"no-repeat","background_size":"auto","background_attachment":"scroll","patternColor":{"default":{"color":"#e5e7ea"}},"backgroundColor":{"default":{"color":"#ffffff"}}},"content_boxed_shadow":{"inherit":false,"blur":18,"spread":-6,"v_offset":12,"h_offset":0,"inset":false,"enable":true,"color":{"color":"rgba(34, 56, 101, 0.04)"}},"boxed_content_spacing":{"desktop":{"top":"40px","bottom":"40px","left":"40px","right":"40px","linked":true},"tablet":{"top":"35px","bottom":"35px","left":"35px","right":"35px","linked":true},"mobile":{"top":"20px","bottom":"20px","left":"20px","right":"20px","linked":true}},"content_boxed_radius":{"top":"3px","bottom":"3px","left":"3px","right":"3px","linked":true},"04646eac5b19bfb6793521eb46c0bb62":"","disable_featured_image":"no","disable_header":"no","disable_footer":"no","1ba1ec1e97ac9c9088bbef1267f93cd4":"","78873a6a6d64d334f6c3bb1a08b1a9c8":"","74a00f3a0da1253fde6de68fabfda072":"","7a1b9af0dbf6c6d60d6a5d1dc011945e":"","e17cd10dc4d4310dcfd1486383cfcf65":"","6c2ef5539f17a37a67a39ec7805663e6":"","9af66180b6970d6870c0d056faf2d7cf":"","styles_descriptor":{"styles":{"desktop":"[data-prefix=\"single_page\"] {background-color:#ffffff;background-image:url(\"data:image\/svg+xml,%3Csvg xmlns='http:\/\/www.w3.org\/2000\/svg' viewBox='0 0 56 28' width='56' height='28'%3E%3Cpath fill='%23232126' fill-opacity='0.02' d='M56 26v2h-7.75c2.3-1.27 4.94-2 7.75-2zm-26 2a2 2 0 1 0-4 0h-4.09A25.98 25.98 0 0 0 0 16v-2c.67 0 1.34.02 2 .07V14a2 2 0 0 0-2-2v-2a4 4 0 0 1 3.98 3.6 28.09 28.09 0 0 1 2.8-3.86A8 8 0 0 0 0 6V4a9.99 9.99 0 0 1 8.17 4.23c.94-.95 1.96-1.83 3.03-2.63A13.98 13.98 0 0 0 0 0h7.75c2 1.1 3.73 2.63 5.1 4.45 1.12-.72 2.3-1.37 3.53-1.93A20.1 20.1 0 0 0 14.28 0h2.7c.45.56.88 1.14 1.29 1.74 1.3-.48 2.63-.87 4-1.15-.11-.2-.23-.4-.36-.59H26v.07a28.4 28.4 0 0 1 4 0V0h4.09l-.37.59c1.38.28 2.72.67 4.01 1.15.4-.6.84-1.18 1.3-1.74h2.69a20.1 20.1 0 0 0-2.1 2.52c1.23.56 2.41 1.2 3.54 1.93A16.08 16.08 0 0 1 48.25 0H56c-4.58 0-8.65 2.2-11.2 5.6 1.07.8 2.09 1.68 3.03 2.63A9.99 9.99 0 0 1 56 4v2a8 8 0 0 0-6.77 3.74c1.03 1.2 1.97 2.5 2.79 3.86A4 4 0 0 1 56 10v2a2 2 0 0 0-2 2.07 28.4 28.4 0 0 1 2-.07v2c-9.2 0-17.3 4.78-21.91 12H30zM7.75 28H0v-2c2.81 0 5.46.73 7.75 2zM56 20v2c-5.6 0-10.65 2.3-14.28 6h-2.7c4.04-4.89 10.15-8 16.98-8zm-39.03 8h-2.69C10.65 24.3 5.6 22 0 22v-2c6.83 0 12.94 3.11 16.97 8zm15.01-.4a28.09 28.09 0 0 1 2.8-3.86 8 8 0 0 0-13.55 0c1.03 1.2 1.97 2.5 2.79 3.86a4 4 0 0 1 7.96 0zm14.29-11.86c1.3-.48 2.63-.87 4-1.15a25.99 25.99 0 0 0-44.55 0c1.38.28 2.72.67 4.01 1.15a21.98 21.98 0 0 1 36.54 0zm-5.43 2.71c1.13-.72 2.3-1.37 3.54-1.93a19.98 19.98 0 0 0-32.76 0c1.23.56 2.41 1.2 3.54 1.93a15.98 15.98 0 0 1 25.68 0zm-4.67 3.78c.94-.95 1.96-1.83 3.03-2.63a13.98 13.98 0 0 0-22.4 0c1.07.8 2.09 1.68 3.03 2.63a9.99 9.99 0 0 1 16.34 0z'%3E%3C\/path%3E%3C\/svg%3E\");}","tablet":"","mobile":""},"google_fonts":[],"version":6}},"featured_image_urls":{"full":["https:\/\/sanatankultura.com\/wp-content\/uploads\/2021\/02\/benjamin-child-6msS8vT5pzw-unsplash.jpg",1920,1371,false],"thumbnail":["https:\/\/sanatankultura.com\/wp-content\/uploads\/2021\/02\/benjamin-child-6msS8vT5pzw-unsplash-150x150.jpg",150,150,true],"medium":["https:\/\/sanatankultura.com\/wp-content\/uploads\/2021\/02\/benjamin-child-6msS8vT5pzw-unsplash-300x214.jpg",300,214,true],"medium_large":["https:\/\/sanatankultura.com\/wp-content\/uploads\/2021\/02\/benjamin-child-6msS8vT5pzw-unsplash-768x548.jpg",768,548,true],"large":["https:\/\/sanatankultura.com\/wp-content\/uploads\/2021\/02\/benjamin-child-6msS8vT5pzw-unsplash-1024x731.jpg",1024,731,true],"thumblist":["https:\/\/sanatankultura.com\/wp-content\/uploads\/2021\/02\/benjamin-child-6msS8vT5pzw-unsplash-300x300.jpg",300,300,true],"meccarouselthumb":["https:\/\/sanatankultura.com\/wp-content\/uploads\/2021\/02\/benjamin-child-6msS8vT5pzw-unsplash-474x324.jpg",474,324,true],"gridsquare":["https:\/\/sanatankultura.com\/wp-content\/uploads\/2021\/02\/benjamin-child-6msS8vT5pzw-unsplash-391x260.jpg",391,260,true],"tileview":["https:\/\/sanatankultura.com\/wp-content\/uploads\/2021\/02\/benjamin-child-6msS8vT5pzw-unsplash-300x400.jpg",300,400,true],"1536x1536":["https:\/\/sanatankultura.com\/wp-content\/uploads\/2021\/02\/benjamin-child-6msS8vT5pzw-unsplash-1536x1097.jpg",1536,1097,true],"2048x2048":["https:\/\/sanatankultura.com\/wp-content\/uploads\/2021\/02\/benjamin-child-6msS8vT5pzw-unsplash.jpg",1920,1371,false]},"post_excerpt_stackable":"<p>Popis festivala za 2026 god. FESTIVAL \/ OPIS DATUM Makar SankrantiSunce se po\u010dinje kretati prema sjeveru 14.1. Vasant Pan\u010damiRo\u0111endan Bo\u017eice Sarasvati (mudrost) 23.1. Maha \u0160ivaratriNo\u0107 \u0161tovanja i meditacije posve\u0107ena Gospodu \u0160ivi 15.2. HoliPraznik u \u010dast bhakte Prahlada (bhakti) 3.3. Proljetni Navaratri9 dana posta u \u010dast Svete Majke 19.3.-27.3. Rama NavamiRo\u0111endan Gospoda Rame 27.3. Hanuman \u0110ajantiPraznik u \u010dast \u0160ri Hanumana 1.4. Me\u0111unarodni dan jogeProgla\u0161en od Un-a 21.6. Guru PurnimaPraznik u \u010dast Gurua, Ro\u0111endan Mahari\u0161ija Ved-Vjase 29.7. Rak\u0161a BandhanPraznik bra\u0107e i sestara 27.8. \u0160ri Kri\u0161na \u0110ajanti (\u0110anma\u0161thami)Ro\u0111endan Gospoda Kri\u0161ne 4.9. Gane\u0161 \u010caturthiPraznik Gospoda Gane\u0161e 14.9. UN-ov dan miraMolitva kod JUS\u017d stabla mira&hellip;<\/p>\n","category_list":"","author_info":{"name":"Swami Vivek Puri","url":"https:\/\/sanatankultura.com\/?author=1"},"comments_num":"0 comments","featured_image_urls_v2":{"full":["https:\/\/sanatankultura.com\/wp-content\/uploads\/2021\/02\/benjamin-child-6msS8vT5pzw-unsplash.jpg",1920,1371,false],"thumbnail":["https:\/\/sanatankultura.com\/wp-content\/uploads\/2021\/02\/benjamin-child-6msS8vT5pzw-unsplash-150x150.jpg",150,150,true],"medium":["https:\/\/sanatankultura.com\/wp-content\/uploads\/2021\/02\/benjamin-child-6msS8vT5pzw-unsplash-300x214.jpg",300,214,true],"medium_large":["https:\/\/sanatankultura.com\/wp-content\/uploads\/2021\/02\/benjamin-child-6msS8vT5pzw-unsplash-768x548.jpg",768,548,true],"large":["https:\/\/sanatankultura.com\/wp-content\/uploads\/2021\/02\/benjamin-child-6msS8vT5pzw-unsplash-1024x731.jpg",1024,731,true],"thumblist":["https:\/\/sanatankultura.com\/wp-content\/uploads\/2021\/02\/benjamin-child-6msS8vT5pzw-unsplash-300x300.jpg",300,300,true],"meccarouselthumb":["https:\/\/sanatankultura.com\/wp-content\/uploads\/2021\/02\/benjamin-child-6msS8vT5pzw-unsplash-474x324.jpg",474,324,true],"gridsquare":["https:\/\/sanatankultura.com\/wp-content\/uploads\/2021\/02\/benjamin-child-6msS8vT5pzw-unsplash-391x260.jpg",391,260,true],"tileview":["https:\/\/sanatankultura.com\/wp-content\/uploads\/2021\/02\/benjamin-child-6msS8vT5pzw-unsplash-300x400.jpg",300,400,true],"1536x1536":["https:\/\/sanatankultura.com\/wp-content\/uploads\/2021\/02\/benjamin-child-6msS8vT5pzw-unsplash-1536x1097.jpg",1536,1097,true],"2048x2048":["https:\/\/sanatankultura.com\/wp-content\/uploads\/2021\/02\/benjamin-child-6msS8vT5pzw-unsplash.jpg",1920,1371,false]},"post_excerpt_stackable_v2":"<p>Popis festivala za 2026 god. FESTIVAL \/ OPIS DATUM Makar SankrantiSunce se po\u010dinje kretati prema sjeveru 14.1. Vasant Pan\u010damiRo\u0111endan Bo\u017eice Sarasvati (mudrost) 23.1. Maha \u0160ivaratriNo\u0107 \u0161tovanja i meditacije posve\u0107ena Gospodu \u0160ivi 15.2. HoliPraznik u \u010dast bhakte Prahlada (bhakti) 3.3. Proljetni Navaratri9 dana posta u \u010dast Svete Majke 19.3.-27.3. Rama NavamiRo\u0111endan Gospoda Rame 27.3. Hanuman \u0110ajantiPraznik u \u010dast \u0160ri Hanumana 1.4. Me\u0111unarodni dan jogeProgla\u0161en od Un-a 21.6. Guru PurnimaPraznik u \u010dast Gurua, Ro\u0111endan Mahari\u0161ija Ved-Vjase 29.7. Rak\u0161a BandhanPraznik bra\u0107e i sestara 27.8. \u0160ri Kri\u0161na \u0110ajanti (\u0110anma\u0161thami)Ro\u0111endan Gospoda Kri\u0161ne 4.9. Gane\u0161 \u010caturthiPraznik Gospoda Gane\u0161e 14.9. UN-ov dan miraMolitva kod JUS\u017d stabla mira&hellip;<\/p>\n","category_list_v2":"","author_info_v2":{"name":"Swami Vivek Puri","url":"https:\/\/sanatankultura.com\/?author=1"},"comments_num_v2":"0 comments","_links":{"self":[{"href":"https:\/\/sanatankultura.com\/index.php?rest_route=\/wp\/v2\/pages\/4672"}],"collection":[{"href":"https:\/\/sanatankultura.com\/index.php?rest_route=\/wp\/v2\/pages"}],"about":[{"href":"https:\/\/sanatankultura.com\/index.php?rest_route=\/wp\/v2\/types\/page"}],"author":[{"embeddable":true,"href":"https:\/\/sanatankultura.com\/index.php?rest_route=\/wp\/v2\/users\/1"}],"replies":[{"embeddable":true,"href":"https:\/\/sanatankultura.com\/index.php?rest_route=%2Fwp%2Fv2%2Fcomments&post=4672"}],"version-history":[{"count":30,"href":"https:\/\/sanatankultura.com\/index.php?rest_route=\/wp\/v2\/pages\/4672\/revisions"}],"predecessor-version":[{"id":4906,"href":"https:\/\/sanatankultura.com\/index.php?rest_route=\/wp\/v2\/pages\/4672\/revisions\/4906"}],"wp:featuredmedia":[{"embeddable":true,"href":"https:\/\/sanatankultura.com\/index.php?rest_route=\/wp\/v2\/media\/3327"}],"wp:attachment":[{"href":"https:\/\/sanatankultura.com\/index.php?rest_route=%2Fwp%2Fv2%2Fmedia&parent=4672"}],"curies":[{"name":"wp","href":"https:\/\/api.w.org\/{rel}","templated":true}]}}